 83. Calculate f(-7).
-8
Let r(v) = v**3 - 15*v**2 + 7*v - 73. What is r(15)?
32
Let w(j) = -2*j**3 + 34*j**2 + 35*j - 17. Give w(18).
-35
Let r(j) = j**2 - 285*j + 3286. Determine r(12).
10
Let d(h) = -h**3 + 4*h**2 - 205*h + 1049. Determine d(5).
-1
Let r(o) = -o**2 + 32*o + 1371. Calculate r(-24).
27
Let t(x) = -2*x**3 + 34*x**2 - 5*x + 26. What is t(17)?
-59
Let i(m) = 2*m**3 + m**2 + 107*m - 219. Determine i(2).
15
Let u(f) = f**3 - 12*f**2 + 35*f - 22. Calculate u(5).
-22
Let g(j) = -25*j - 294. Give g(8).
-494
Let k(c) = c**3 - 21*c**2 - 46*c + 126. Give k(23).
126
Let p(f) = 371*f - 15199. Determine p(41).
12
Let h(j) = 2*j**2 + 40*j + 172. Calculate h(-15).
22
Let r(b) = -b**2 + 52*b - 668. What is r(22)?
-8
Let f(z) = 55*z**2 - 206*z + 7. Determine f(4).
63
Let b(m) = -24*m**2 - 6*m + 54. Calculate b(3).
-180
Let r(n) = -33*n - 1521. What is r(-46)?
-3
Let p(s) = -s**2 - 89*s + 5380. What is p(41)?
50
Let x(y) = 18*y**2 + 114*y - 481. Calculate x(3).
23
Let x(j) = -j**3 - 2*j**2 + 17*j + 46. Determine x(-2).
12
Let d(k) = 4*k**2 - 16*k - 2. What is d(5)?
18
Let h(p) = -945*p - 3511. Give h(-4).
269
Let z(t) = -2*t**3 + 23*t**2 - 20*t + 83. Give z(11).
-16
Let m(q) = 60*q - 771. Give m(13).
9
Let h(r) = -r**3 + 10*r**2 + 32*r - 114. Give h(12).
-18
Let f(b) = -b**2 - 55*b - 696. Give f(-20).
4
Let r(q) = -q**3 + 18*q**2 + 42*q - 21. Give r(20).
19
Let t(v) = -694*v - 225548. Calculate t(-325).
2
Let c(u) = -486*u - 3910. Give c(-8).
-22
Let z(r) = 2*r**2 - 14*r - 40. Give z(-7).
156
Let r(l) = l**3 - 7*l**2 - 8*l - 3. Give r(0).
-3
Let h(b) = -b**2 - 84*b + 825. Give h(9).
-12
Let o(c) = c**3 + 39*c**2 - 78*c + 227. Calculate o(-41).
63
Let k(h) = 7*h**2 + 516*h - 2063. Give k(4).
113
Let g(a) = 2*a**2 + 12054*a - 36173. Determine g(3).
7
Let o(k) = 4*k**2 - 12*k - 150. Calculate o(9).
66
Let x(r) = 3*r**2 - 35*r - 677. What is x(22)?
5
Let v(l) = 24*l**2 + 39*l + 112. Determine v(-3).
211
Let d(a) = -11481*a - 126295. Calculate d(-11).
-4
Let y(o) = 3*o**3 - 11*o**2 + 26*o - 17. What is y(7)?
655
Let y(z) = 31*z + 39. Give y(-1).
8
Let c(o) = -132*o - 1014. Determine c(-8).
42
Let g(h) = 7*h**3 + 469*h**2 + 9*h + 153. What is g(-67)?
-450
Let o(v) = -8*v**2 - 102*v - 2. Give o(-14).
-142
Let s(y) = -1394*y - 9748. What is s(-7)?
10
Let o(d) = -309*d - 782. Determine o(-2).
-164
Let q(o) = -17*o**2 + 61*o + 64. Give q(-1).
-14
Let f(u) = 3*u**3 - 4*u**2 - 7*u + 62. Calculate f(5).
302
Let o(b) = 2*b**2 + 76*b - 28. Give o(-39).
50
Let i(j) = 17*j**2 - 146*j - 233. Give i(10).
7
Let x(t) = t**3 - 70*t - 49. Determine x(0).
-49
Let p(n) = 108*n - 3161. Give p(30).
79
Let b(d) = 58*d**2 - 465*d - 11. Calculate b(8).
-19
Let v(j) = 60*j + 348. Give v(-7).
-72
Let n(g) = -6*g**2 - 52*g - 21. Determine n(-9).
-39
Let k(l) = 25*l**3 - l**2 + 9*l - 24. Determine k(2).
190
Let b(l) = -2*l**2 + 67*l + 1203. Give b(-13).
-6
Let w(a) = 4*a**2 + 132*a - 740. What is w(5)?
20
Let q(z) = 8*z + 695. What is q(-86)?
7
Let r(o) = 109*o + 3097. Give r(-29).
-64
Let q(p) = -p**2 - 168*p - 1649. Calculate q(-10).
-69
Let v(t) = t**3 + 97*t**2 - 840*t - 2. Give v(-105).
-2
Let m(j) = 260*j - 798. Calculate m(3).
-18
Let h(n) = -n**3 + 66*n**2 + 134*n + 65. Give h(68).
-71
Let l(b) = -b**3 - 83*b**2 - 239*b + 90. Determine l(-80).
10
Let w(r) = 7686*r - 23076. Calculate w(3).
-18
Let f(w) = -w**3 + 179*w**2 + 173*w + 1257. Determine f(180).
-3
Let w(h) = -h**2 + 38*h - 11. Calculate w(17).
346
Let d(x) = 19*x**2 + x - 8. Calculate d(0).
-8
Let b(m) = -9*m**2 + 177*m + 31. Calculate b(21).
-221
Let h(y) = 171*y - 4266. Calculate h(24).
-162
Let l(q) = -284*q - 22435. Give l(-79).
1
Let x(i) = 127*i - 17040. Give x(134).
-22
Let h(c) = 19*c + 1357. Give h(-72).
-11
Let j(x) = -673*x - 13459. Calculate j(-20).
1
Let p(h) = -50*h**2 + 417*h - 61. Determine p(8).
75
Let b(s) = 13*s - 491. What is b(37)?
-10
Let d(u) = -7*u**2 - 197*u + 73. Give d(-28).
101
Let k(h) = 771*h + 7709. Give k(-10).
-1
Let m(d) = -d**3 - 8*d**2 + 313*d + 2729. Give m(-9).
-7
Let w(o) = -4*o + 131. Determine w(-8).
163
Let y(w) = w**3 - 21*w**2 - 2*w + 20. Give y(21).
-22
Let k(v) = -5*v + 69. Determine k(11).
14
Let w(u) = -u**3 - 34*u**2 - 25*u + 171. What is w(-33)?
-93
Let v(p) = p**3 - 6*p**2 - 30*p + 238. Calculate v(-6).
-14
Let h(f) = f**3 - 32*f**2 + 30*f + 69. Determine h(31).
38
Let r(d) = -d**2 + 108*d + 156. Determine r(110).
-64
Let y(w) = -w**2 + 32*w + 164. What is y(-15)?
-541
Let p(j) = -21*j + 309. Calculate p(13).
36
Let a(f) = 2*f**3 + 15*f**2 + 43*f + 34. Give a(-2).
-8
Let x(f) = f**3 + 6*f**2 - 60*f - 364. Determine x(-6).
-4
Let x(c) = -176*c + 1749. Calculate x(10).
-11
Let t(p) = p**2 - 44*p + 504. What is t(20)?
24
Let q(f) = -22040*f + 132241. Determine q(6).
1
Let r(h) = 92*h + 483. Determine r(-5).
23
Let t(x) = x**3 - 9*x**2 - 15*x + 10. What is t(11)?
87
Let c(t) = 34*t + 10. Calculate c(-1).
-24
Let k(u) = -9*u**2 - 43*u + 14. What is k(5)?
-426
Let y(i) = -2*i**2 - 1535*i + 6172. Give y(4).
0
Let z(l) = -l**2 - 95*l + 1398. Calculate z(13).
-6
Let r(n) = -n**2 + 29*n + 867. Determine r(48).
-45
Let b(k) = k**3 - 117*k**2 + 16*k - 1881. Give b(117).
-9
Let a(p) = 384*p + 1166. Give a(-3).
14
Let z(d) = 3*d**2 + 767*d + 8534. What is z(-244)?
-6
Let r(t) = -t**3 - 13*t**2 - 7*t. What is r(-13)?
91
Let l(q) = -8*q - 60. Give l(-14).
52
Let u(f) = 16*f**2 - 18*f - 50. What is u(-3)?
148
Let c(y) = -y**3 + 10*y**2 - 31*y - 3. What is c(6)?
-45
Let l(c) = c**2 - 16*c + 32. Determine l(8).
-32
Let y(c) = -263*c**2 - 259*c - 2. Give y(-1).
-6
Let i(n) = -17*n + 69. What is i(3)?
18
Let f(n) = 39*n + 498. Calculate f(-13).
-9
Let c(s) = s**3 - 48*s**2 - 101*s - 31. What is c(50)?
-81
Let u(p) = -p**2 + 4*p + 119. Give u(-7).
42
Let x(c) = 202*c - 1633. Calculate x(8).
-17
Let h(r) = -12*r + 57. Determine h(-14).
225
Let r(a) = -56*a + 31. Calculate r(-8).
479
Let r(l) = -6*l**3 + l. What is r(2)?
-46
Let u(s) = 18*s**3 + 5*s**2 + 12*s + 2. Determine u(-2).
-146
Let h(f) = -2351*f - 124608. Calculate h(-53).
-5
Let c(l) = 61*l - 498. Give c(8).
-10
Let m(s) = s**2 - 17*s + 12. What is m(18)?
30
Let b(v) = -1452*v - 1433. Give b(-1).
19
Let l(j) = -3*j**2 - 54*j + 53. Determine l(-19).
-4
Let x(w) = 4*w**2 + 5*w - 1. Determine x(4).
83
Let z(s) = 1777*s - 42664. What is z(24)?
-16
Let k(y) = 2*y**3 - 6*y**2 - 7*y + 13. Determine k(-2).
-13
Let l(i) = -i**3 - 7*i**2 + 56*i + 378. Give l(-7).
-14
Let i(l) = -l**3 + 3*l**2 + 50*l - 139. Determine i(8).
-59
Let v(y) = 51*y + 96. Give v(-3).
-57
Let l(v) = 6*v + 300. Determine l(-36).
84
Let b(y) = 27*y**3 + 2*y**2 + 12*y + 18. What is b(-2)?
-214
Let f(n) = -n**3 + 48*n**2 - 127*n - 377. Determine f(45).
-17
Let z(v) = v**3 + 2*v**2 - 46*v - 1. Determine z(6).
11
Let c(b) = b**3 + 22*b**2 + 63*b + 40. Determine c(-2).
-6
Let z(s) = 15*s**2 - 299*s - 17. What is z(20)?
3
Let v(r) = -917*r + 3046. Calculate v(4).
-622
Let w(t) = 2*t**3 + 73*t**2 + 2*t + 1455. Give w(-37).
12
Let g(i) = 146*i - 726. What is g(5)?
4
Let t(v) = 34*v - 984. Give t(28).
-32
Let m(h) = 20*h**3 + 234*h**2 + 147*h - 84. Determine m(-11).
-7
Let r(p) = -161*p**3 + 3*p**2 - 5*p + 3. Calculate r(1).
-160
Let j(s) = -s**2 + 28*s + 337. Calculate j(37).
4
Let l(c) = -c**3 + 237*c**2 + 399*c + 18894. Determine l(239).
13
Let l(q) = -1054*q + 22134. Give l(21).
0
Let k(r) = -90*r - 4484. Determine k(-49).
-74
Let f(m) = -30*m + 629. Calculate f(19).
59
Let j(y) = 783*y + 39139. Give j(-50).
-11
Let l(n) = -254*n - 2770. Calculate l(-11).
24
Let g(c) = -4*c**2 + 304*c - 904. Give g(3).
-28
Let m(c) = -69*c**2 + 39*c - 5. Give m(3).
-509
Let y(w) = w**3 - 15*w**2 + 26*w + 1. Calculate y(13).
1
Let s(v) = 4*v**2 - 37*v + 14. Give s(10).
44
Let q(c) = c**3 + 24*c**2 + 85*c - 9. Determine q(-16).
679
Let u(w) = 82*w + 27. Determine u(-1).
-55
Let g(w) = 2*w**2 - 23*w + 12. Determine g(4).
-48
Let t(i) = -3*i**3 + 139*i**2 + 95*i - 28. Calculate t(47).
19
Let h(b) = -6*b**3 - 5*b**2 + 10. What is h(-3)?
127
Let k(d) = -d**3 + 62*d**2 + 69*d - 454. Determine k(63).
-76
Let h(t) = -t**3 + 2*t**2 + 38*t + 122. Calculate h(-4).
66
Let a(g) = -2*g**3 - 353*g**2 + 2753*g - 1286. Calculate a(-184).
2
Let n(f) = -51*f**2 - 11*f + 6. Give n(2).
-220
Let u(x) 